inder when (-39)/(-9) + (-3)/9 is divided by k?
0
Suppose -p + 62 = 3*i + 23, 4*p - 4*i = 140. Calculate the remainder when (-2)/(-9) + 4276/p is divided by 30.
29
Let h be ((-1)/(-2))/(5/(-200)). Let p = h + 12. Let o = -5 - p. Calculate the remainder when o is divided by 2.
1
Suppose -z - 3*i - 82 = -13, 4*i = -4*z - 236. Let b = z + 76. Calculate the remainder when b is divided by 6.
4
What is the remainder when 11 is divided by (-7)/((3/3)/(-1))?
4
Let y = -8 + 12. Calculate the remainder when (-11)/y*(-8)/2 is divided by 6.
5
Let u(p) = p**2 + p + 38. Suppose -6*l = -3*l + 2*x - 66, 2*l = 4*x + 28. Calculate the remainder when u(0) is divided by l.
18
Suppose 3*g = -4*y + 53, y - 7 = -2*g + 5. Calculate the remainder when y is divided by 1*(-10)/(-2) + 0.
4
Let b(w) = w**3 + 10*w**2 + 8*w - 9. Let p be b(-9). Calculate the remainder when ((-7)/4)/(1/(-28)) is divided by 19 + 1 - (3 + p).
15
Suppose -h = 2*c - 501, 5*c - 1246 + 16 = 2*h. Suppose -y - c = -5*y. What is the remainder when y is divided by 16?
14
Suppose 2*x - 20 = -5*a - 5, -4*x = 4*a - 12. Suppose -6*i + i + 15 = x. Let p = 7 - 2. What is the remainder when p is divided by i?
2
Suppose -5*x = -2*x - 117. Let z be (3/(-4))/(2/(-56)). Suppose n = z - 7. What is the remainder when x is divided by n?
11
Suppose -2*f - 3*f = -5*d - 70, -5*f = 5*d - 100. Calculate the remainder when 65 is divided by f.
14
Let g(c) = c**3 - 4*c**2 + 2*c - 2. Let w be g(2). Let a be 4/w + (-200)/(-12). Calculate the remainder when (2 - a)*1/(-2) is divided by 3.
1
Let a be (-2)/(-6)*0/(-2). Let n(o) = -o**2 - 6*o + 2. Let q be n(-4). What is the remainder when 34 is divided by a - (4/(-2) - q)?
10
Let o = 9 + 4. What is the remainder when 23 is divided by o?
10
Suppose -8*j = -4*j - 32. Let o be 5*(2/(-5))/1. Calculate the remainder when j is divided by 10*((-6)/4 - o).
3
Let m(x) = -2*x - 8. Suppose 3*s - 2 = -14, 2*l = -2*s - 6. What is the remainder when m(-11) is divided by 10*l*2/4?
4
Suppose -4*a = 6 - 54. Calculate the remainder when 107 is divided by a.
11
Let o = -20 + 21. Calculate the remainder when 3 is divided by o.
0
Let k = -131 - -208. Calculate the remainder when k is divided by 13.
12
Suppose v = 2*q - 3*q + 9, 5*v = 15. What is the remainder when 17 is divided by q?
5
Let p(q) = q**2 + 3*q - 2. Suppose 2 - 17 = -2*n + y, -4*y - 5 = 3*n. Suppose n = m - 0*m. Calculate the remainder when p(2) is divided by m.
3
Let f = 1 - 1. Suppose 14 = -2*q + 4*q. What is the remainder when q is divided by (3 - f)*1/1?
1
Suppose -2*l + 25 = l - 5*h, -2*h - 18 = -2*l. Suppose 7*m = -28 + 154. What is the remainder when m is divided by l?
8
Let o = 5 - 5. Suppose o*v = -v + 21. Calculate the remainder when v is divided by 8.
5
Let c = 7 - 10. Let w = 1 - c. Suppose 0 = -w*m - m + 60. Calculate the remainder when 34 is divided by m.
10
Suppose -2*d + 4 = 2*d. Let w = 23 + -22. Calculate the remainder when d is divided by w.
0
What is the remainder when 38 is divided by 2 - (-5 - (-2 - -1)*0)?
3
Suppose -3 = a - 5. Calculate the remainder when 14 is divided by (-1)/(a/(2 - 18)).
6
Suppose -4*w + 3*h + 115 = w, -5*h = 5*w - 75. Let f = -9 + w. What is the remainder when f is divided by 16/(-2)*5/(-10)?
3
Let x(z) = 4*z**2 + 2*z - 2. Let o be x(2). Suppose -d = -3*d + o. Calculate the remainder when 25 is divided by d.
7
Calculate the remainder when 11 is divided by 110/15 + -3*(-2)/9.
3
Let f(a) = -a**2 - 2*a + 1. Let u be f(-3). Let z(x) = 3*x**3 + x**2 + 2*x + 2. Let g be z(u). What is the remainder when g/(-1) + -1 + -1 is divided by 7?
6
Suppose 3*v - 5*v = -18. Calculate the remainder when 20 is divided by 2 + (v - -1) - 1.
9
Let m = 108 + -77. Suppose o - m = 2*u, -3*u + u + 19 = o. Suppose -3*y = -56 + 17. What is the remainder when o is divided by y?
12
Let o = -12 + 15. Let x(i) = -i**2 - 3*i + 2. Calculate the remainder when o is divided by x(-3).
1
Let d = -1 - -21. What is the remainder when d is divided by (-4)/14 + 158/14?
9
Suppose 0 = -4*q + 4 - 16, 5*v - 5 = -5*q. Suppose 0 = d + 2*f - 17, 4*d + v*f - 85 = -29. What is the remainder when 31 is divided by d?
9
Let o(x) = -3*x - 75. Let a(u) = -2*u - 38. Let p(m) = 5*a(m) - 3*o(m). What is the remainder when p(0) is divided by 12?
11
Suppose -400 + 148 = -6*k. Let m = 17 - 6. What is the remainder when k is divided by m?
9
Suppose 0 = 4*x + x + n - 15, -4*x + 23 = 3*n. What is the remainder when 6 is divided by x?
0
Suppose 6*j - 138 - 456 = 0. Suppose -o = 2, -2*s - 2*s = -5*o - 110. What is the remainder when j is divided by s?
24
Suppose -j + 0 + 5 = -5*w, -j + 4*w = -5. Calculate the remainder when j is divided by 3.
2
Let d = 56 - -27. What is the remainder when d is divided by 28?
27
Let x be ((-4)/6)/((-3)/18). Calculate the remainder when (37/(-3))/(x/(-12)) is divided by 2/1*(-1 + 6).
7
Suppose 5*n + 3 + 82 = 4*k, -3*n = -4*k + 83. Let v = k - 16. Suppose -3*t - 11 = -4*t. Calculate the remainder when t is divided by v.
3
Let a(v) = -v**2 - 5*v + 5. Let j be a(-5). Suppose -j*i + 52 = -48. Calculate the remainder when 57 is divided by i.
17
Suppose -k + 4*i = 3*i - 8, 4*k - i - 47 = 0. Calculate the remainder when k is divided by 8.
5
What is the remainder when (11 + 0)*(-1 + 5) is divided by 9?
8
Let v = -2 + 19. Let k(b) = b**3 - 9*b**2 + 9*b + 2. What is the remainder when v is divided by k(8)?
7
Let h(p) = p + 3. Suppose 5*i + 8 = 33. Let f = 78 + -63. Calculate the remainder when f is divided by h(i).
7
Let c = 12 - 0. Let k(j) = -j**2 + 12*j + 2. What is the remainder when k(8) is divided by c?
10
Let x = -5 - -3. Let k = -4 + 14. Calculate the remainder when k is divided by 0 + 5 - (x + 1).
4
Suppose 0 = 4*j + 14 - 38. Suppose g = -2*f - 3*g, 2*f - 16 = 4*g. What is the remainder when j is divided by f?
2
Let u(z) = -3*z**3 - 3*z**2 - 2*z - 4. What is the remainder when u(-2) is divided by 3?
0
Suppose -s = -0 + 32. Let g = s - 4. Let q = 50 + g. What is the remainder when 26 is divided by q?
12
Suppose -5*s = -5*o + 80, 2*o + 4*s = 10 + 10. Calculate the remainder when 25 is divided by o.
11
Suppose -10 = -5*g - 0*g. Let o(k) = 5*k + 1. Calculate the remainder when g*(-10)/(-2 + 0) is divided by o(1).
4
Let t(i) = -4*i + 8. Let y be t(4). Let j = 14 + y. Calculate the remainder when j is divided by 4.
2
Let d = -115 + 218. What is the remainder when d is divided by 13?
12
Let d = -3 - -3. Suppose -4*x + 48 = -d*x. Let l = x - -3. What is the remainder when l is divided by 8?
7
Let i(g) = 6*g**2 + 25*g + 3. Calculate the remainder when i(3) is divided by 19.
18
Let k(u) = u**3 - 8*u**2 + u - 3. Suppose 4*r - 3*r + 19 = 2*z, 0 = 3*z + 3*r - 15. What is the remainder when 19 is divided by k(z)?
4
Let b(j) = -j + 4. Let l be b(0). What is the remainder when 50 is divided by 53/l + (-9)/36?
11
Suppose 19 = 5*o + 4. Suppose 5*f = 5, -14 = -w - o*f - 2*f. What is the remainder when 35 is divided by w?
8
Let r = 210 - 121. What is the remainder when r is divided by 15?
14
Let i(v) = v**3 + 9*v**2 + 9*v - 10. Calculate the remainder when i(-6) is divided by 15.
14
Suppose -4*l - l + 9 = -g, -3*g - 2*l + 24 = 0. Let r be (-1 - 0) + 4 + -11. Calculate the remainder when -8*1*10/r is divided by g.
4
Let r(x) = 5*x - 106. What is the remainder when r(32) is divided by 19?
16
Let b = -19 - -51. Suppose -c + 0*c = -b. What is the remainder when c is divided by 11?
10
Let r(v) = -3*v - 60. Suppose 135 = 4*y - y. What is the remainder when y is divided by r(-28)?
21
Let l(c) = -14*c + 4. Let p be l(-2). Suppose 4*r = -5*j + p, j - 15 = -2*r + 1. What is the remainder when 30 is divided by r?
6
Let c be (-14)/(-3) + 2/6. Suppose -c = -7*z + 2*z. Calculate the remainder when 14 is divided by z*(2 + -3)*-8.
6
Let d(u) = u**2 + 7*u - 13. Let y = 3 - -3. Calculate the remainder when d(-10) is divided by y.
5
Suppose 13*m = 423 + 903. Calculate the remainder when m is divided by 21.
18
What is the remainder when 1/((-4)/(-2))*82 is divided by ((-32)/(-48))/(2/33)?
8
Calculate the remainder when 1*(-996)/(-7) + (-10)/35 is divided by 36.
34
Suppose r + 0*r + 51 = 0. Let j = 96 + r. What is the remainder when j is divided by 16?
13
Suppose -5*m = g - 40, g + 3*m - 73 = -g. Suppose -7 = -p + 5. Calculate the remainder when g is divided by p